s the highest common divisor of 16 and 35344?
16
Calculate the highest common divisor of 288 and 40212.
36
Calculate the greatest common divisor of 79 and 2291.
79
What is the highest common divisor of 743 and 1441420?
743
Calculate the highest common divisor of 283472 and 1232.
112
Calculate the highest common factor of 33 and 168531.
33
Calculate the highest common divisor of 541 and 3.
1
What is the highest common divisor of 2510 and 970366?
502
Calculate the greatest common factor of 14 and 37079.
7
Calculate the greatest common divisor of 44795 and 155.
155
What is the highest common divisor of 78 and 5370?
6
Calculate the greatest common divisor of 762 and 1950.
6
Calculate the highest common divisor of 332379 and 225.
9
What is the highest common factor of 678552 and 504?
168
What is the greatest common divisor of 178952 and 264?
8
What is the greatest common factor of 1468 and 8?
4
Calculate the highest common factor of 105 and 2385.
15
What is the highest common divisor of 928 and 199810?
58
Calculate the highest common factor of 607 and 26.
1
What is the highest common divisor of 11 and 30041?
11
Calculate the highest common divisor of 5684 and 10556.
812
What is the highest common factor of 155345 and 10?
5
What is the highest common factor of 1366251 and 269?
269
Calculate the highest common divisor of 5652 and 432.
36
Calculate the highest common factor of 52046 and 106.
106
What is the highest common divisor of 1740 and 7620?
60
What is the greatest common divisor of 6848 and 584?
8
Calculate the highest common factor of 2002 and 329420.
182
What is the greatest common factor of 10759 and 1305?
29
What is the highest common factor of 3276 and 594468?
252
Calculate the greatest common divisor of 36 and 183348.
36
What is the greatest common divisor of 471 and 12403?
157
What is the highest common factor of 458 and 223046?
458
What is the greatest common divisor of 1773 and 46689?
591
What is the greatest common divisor of 440 and 191455?
55
Calculate the greatest common factor of 27 and 3693.
3
Calculate the greatest common factor of 489277 and 1445.
289
What is the highest common divisor of 4836 and 51300?
12
Calculate the highest common divisor of 1141704 and 8.
8
Calculate the highest common divisor of 1050 and 2430.
30
What is the greatest common divisor of 5923125 and 325?
325
Calculate the greatest common factor of 52 and 22772.
4
What is the greatest common factor of 392 and 113092?
196
Calculate the greatest common divisor of 2724011 and 614.
307
What is the highest common factor of 78057 and 885?
177
Calculate the highest common divisor of 144 and 1827088.
16
Calculate the greatest common divisor of 1780 and 3020.
20
Calculate the highest common divisor of 275 and 14550.
25
What is the greatest common factor of 149472 and 336?
48
Calculate the greatest common divisor of 47288 and 32.
8
What is the highest common factor of 4820 and 3340?
20
What is the greatest common divisor of 220 and 4730?
110
What is the greatest common divisor of 471960 and 1620?
540
Calculate the highest common factor of 835776 and 576.
576
What is the greatest common divisor of 31434 and 1674?
186
Calculate the greatest common divisor of 6511 and 51.
17
What is the highest common factor of 952 and 28696?
136
Calculate the greatest common factor of 4520 and 760.
40
Calculate the highest common factor of 3040501 and 17.
17
Calculate the highest common divisor of 4653 and 24849.
99
What is the greatest common divisor of 96 and 171552?
96
What is the greatest common divisor of 4134 and 910?
26
Calculate the greatest common divisor of 204 and 4966074.
102
Calculate the highest common divisor of 266 and 69027.
133
What is the greatest common factor of 701185 and 35?
5
What is the highest common factor of 15370 and 10?
10
Calculate the greatest common divisor of 49 and 1286789.
49
What is the highest common divisor of 1385 and 92518?
277
Calculate the highest common divisor of 5561224 and 38.
38
Calculate the highest common divisor of 1426706 and 2.
2
What is the highest common divisor of 21141 and 243?
243
Calculate the highest common factor of 387099 and 177.
177
Calculate the greatest common factor of 37125 and 9207.
297
What is the greatest common divisor of 5699 and 139?
139
Calculate the greatest common divisor of 12887 and 4508.
49
What is the highest common factor of 12267 and 31349?
1363
Calculate the greatest common factor of 26942 and 5672.
1418
Calculate the greatest common divisor of 51 and 960653.
17
Calculate the highest common factor of 26168 and 24.
8
Calculate the greatest common divisor of 42 and 561687.
21
What is the highest common factor of 6466 and 2257?
61
Calculate the greatest common divisor of 82492 and 91546.
1006
Calculate the greatest common factor of 4278690 and 585.
585
What is the greatest common divisor of 876339 and 155?
31
Calculate the greatest common factor of 15939 and 23253.
69
What is the greatest common divisor of 144988 and 268?
268
What is the highest common divisor of 53514 and 216?
54
Calculate the greatest common factor of 71744 and 20672.
1216
What is the highest common divisor of 14842 and 21358?
362
What is the highest common divisor of 98615 and 88?
11
What is the highest common divisor of 3981 and 9?
3
What is the highest common divisor of 38355 and 375?
15
Calculate the highest common factor of 28 and 1324.
4
Calculate the greatest common factor of 552 and 728088.
552
Calculate the highest common divisor of 4674 and 7486.
38
Calculate the greatest common divisor of 440 and 814220.
220
What is the greatest common divisor of 20540500 and 500?
500
What is the highest common divisor of 2 and 345574?
2
What is the highest common divisor of 6308 and 2812?
76
What is the greatest common divisor of 1288296 and 216?
72
What is the highest common factor of 5203 and 1694?
121
Calculate the highest common divisor of 105671 and 421.
421
What is the greatest common divisor of 632608 and 1060?
212
What is the highest common divisor of 112725 and 6615?
135
Calculate the greatest common factor of 17 and 4208758.
17
Calculate the greatest common factor of 42780 and 1560.
60
What is the greatest common factor of 132264 and 3465?
99
Calculate the greatest common divisor of 11925 and 675.
225
Calculate the highest common factor of 33272 and 472.
8
Calculate the greatest common factor of 23052 and 884.
68
Calculate the greatest common divisor of 19 and 1334579.
19
What is the highest common factor of 48 and 74388?
12
Calculate the greatest common factor of 110 and 921162.
22
Calculate the greatest common factor of 15 and 31065.
15
Calculate the greatest common factor of 11773 and 3599.
61
What is the highest common divisor of 141196 and 44?
44
What is the greatest common factor of 16 and 71832?
8
Calculate the highest common divisor of 5983 and 4867.
31
What is the highest common factor of 639 and 37197?
9
Calculate the highest common divisor of 12480 and 5954.
26
What is the greatest common divisor of 1124 and 413351?
281
What is the greatest common factor of 64 and 485696?
64
What is the highest common divisor of 711 and 7347?
237
What is the highest common factor of 4732 and 838747?
1183
What is the greatest common divisor of 18117 and 732?
183
What is the greatest common divisor of 19320 and 10?
10
What is the highest common factor of 451008 and 5742?
522
What is the highest common divisor of 20144 and 32?
16
What is the greatest common divisor of 102 and 1869558?
102
Calculate the greatest common factor of 259361 and 14237.
619
What is the greatest common factor of 1395 and 3131?
31
Calculate the greatest common factor of 226416 and 267.
267
What is the highest common factor of 39739 and 49?
49
Calculate the highest common factor of 274800 and 250.
50
What is the highest common factor of 143 and 1238809?
143
Calculate the greatest common divisor of 30 and 87198.
6
Calculate the highest common factor of 18 and 45222.
6
What is the greatest common factor of 1620 and 27432?
108
Calculate the greatest common divisor of 260 and 1136785.
65
What is the greatest common factor of 6 and 153729?
3
Calculate the highest common factor of 40140 and 180.
180
Calculate the greatest common factor of 64440 and 1962.
18
What is the h